, 0 = -2*y + 3*h + h - 972. Let m = 752 + y. What are the prime factors of m?
2, 3, 5
Let x(g) = -g**3 - 2*g**2 - 7*g - 6. Let d be x(-4). Suppose -w + 0*w = -d. What are the prime factors of 173/9 - 12/w?
19
Suppose -9*z + 21*z - 12060 = 0. What are the prime factors of z?
3, 5, 67
Suppose 636 = -2*r + 7*r + 2*l, -4*r - 4*l + 516 = 0. Suppose -6*y = -8*y + r. List the prime factors of y.
3, 7
Let p = 1487 - 709. List the prime factors of p.
2, 389
Let f(r) = 56*r**3 - 2*r**2 - 16*r + 28. List the prime factors of f(3).
2, 11, 67
Let b(c) = -3*c - 12. Let k be b(-5). Suppose -3 = k*p - 270. What are the prime factors of p?
89
Suppose 20 = -j - 16. Let y = j + 40. Suppose y = -2*c + 134. List the prime factors of c.
5, 13
Suppose 0 = 12*l - 5*l - 4249. Suppose 333 + 242 = 5*i - 5*d, 5*i + 3*d - l = 0. List the prime factors of i.
7, 17
Let x = 913 - 616. Suppose -2*b - b = -x. List the prime factors of b.
3, 11
Let d(s) = -s**2 - 9*s - 7. Let b be d(-7). Suppose 3*w - 2*a = -b - 238, 2*w + 161 = -a. Let k = -53 - w. List the prime factors of k.
2, 7
Let h(i) = 10*i**2 - 28*i + 99. What are the prime factors of h(5)?
11, 19
List the prime factors of 7 + 0 - (-849 - 4).
2, 5, 43
List the prime factors of (-4 + 69)*(-198)/(-15) - 0.
2, 3, 11, 13
Let y(u) = 5*u + 7. Let s be y(4). Let x = s - 21. List the prime factors of x.
2, 3
Suppose 775 + 2129 = 4*i. Let y be (i/11)/((-2)/(-11)). List the prime factors of (1*2)/(22/y).
3, 11
Let h be 52/9 - (-6)/27. Let u = 104 - h. What are the prime factors of u?
2, 7
Let j(h) = h - 6. Suppose w - 2 = f - w, -f + 3 = -w. Let r be j(f). Suppose -2*u = -r*z - 3*u + 22, 4*z - 4*u - 32 = 0. List the prime factors of z.
2, 5
Suppose i = 3 - 0. Suppose 0 = i*g - 584 - 16. List the prime factors of g.
2, 5
Suppose -5*t - 1656 = -5941. List the prime factors of t.
857
Let n be 12/72*(-1 - -7). Suppose -p = -2 + n. List the prime factors of (-4 + (111 - p))/2.
53
Suppose 1033 = 2*x - 1033. What are the prime factors of x?
1033
Suppose 10*c - 36 = 4*c. Let w(q) = 2*q**2 + 12*q + 10. List the prime factors of w(c).
2, 7, 11
Suppose 6*b + 0*b - 18 = 0. List the prime factors of 424/(-24)*(-9 + b).
2, 53
Let q = 10 - -4. Suppose -10*f = -q*f + 16. Let g = 6 + f. What are the prime factors of g?
2, 5
Let r(x) = x**3 + 4*x**2 - 10*x - 5. List the prime factors of r(11).
2, 5, 17
Suppose -808 = -4*q + 2*q. What are the prime factors of (((-6)/(-4))/((-3)/q))/(-1)?
2, 101
Suppose 0 = -u - 0*u + 3. Suppose -5*s + 4*r + 308 = 94, -129 = -u*s + 3*r. List the prime factors of s.
2, 3, 7
Suppose 2*s + 3*q = 306 + 185, 0 = -3*s + 3*q + 744. What are the prime factors of s?
13, 19
Let j be 1/(-2) - 45/(-6). Suppose j*r - 203 - 826 = 0. List the prime factors of r.
3, 7
Let k = -4862 + 8424. List the prime factors of k.
2, 13, 137
Suppose -1 = -7*a + 13. Suppose -5*c + 74 = 2*n - 10, -c + a*n + 12 = 0. List the prime factors of c.
2
Let s be 1/(-4) - (-5)/4. Suppose -a + s - 77 = -2*h, 5*h - 3*a - 192 = 0. Suppose 0 = 2*u + u, 4*l - 4*u - h = 0. List the prime factors of l.
3
Let v(p) = -8 + 31 - p + 4 - 11. List the prime factors of v(-14).
2, 3, 5
Let d(u) = -u**3 + 30*u**2 + 13*u + 49. Let c be d(28). Suppose c = 13*l - 151. What are the prime factors of l?
2, 41
Let x be 0*(3 + (-10)/4). Suppose 4 = 4*u + a, 3*u - 2*a + 4 + 4 = x. List the prime factors of 13 + u*(-1 - -2).
13
What are the prime factors of 3/(-78)*-4 - (-54789)/39?
5, 281
Let q = 36 - 33. List the prime factors of -3 + 71 - q - (0 + 1).
2
Suppose 0*t + 2*u + 24 = 3*t, 3*t - 5*u = 33. Suppose t*b = b - 545. Let v = b + 153. List the prime factors of v.
2, 11
Let j = 45 + -81. Let q = 65 + j. List the prime factors of q.
29
Let o(j) = j**3 - 5*j**2 + 2*j + 8. Let a be o(4). Suppose a*s = -5*s. Suppose -3*m + v = -194, -2*m - 3*v + 111 = -s*v. What are the prime factors of m?
3, 7
What are the prime factors of (-12)/2*(-254)/18*3?
2, 127
Suppose 5*i - 228 = -4*u + 1769, 0 = -5*i + 5. What are the prime factors of u?
2, 3, 83
What are the prime factors of -7 - (-2024)/(16 + -8)?
2, 3, 41
List the prime factors of (3 + 14/(-4))/(14/(-4452)).
3, 53
Let w = 2368 - 1583. What are the prime factors of w?
5, 157
Let x(m) = -3*m + 8. Let l be x(2). Suppose -2*w + 4*w = -5*d + 330, 3*w - 457 = 2*d. Suppose 7*k = l*k + w. What are the prime factors of k?
31
Suppose -x = 2*f + f + 45, 37 = -x - f. Let k = -11 - x. List the prime factors of k.
2, 11
Let b be (-22)/(-6) - 11/(-33). Suppose -x + b*x = 672. What are the prime factors of x?
2, 7
Let t = -384 - -884. Suppose 7*i = 2*i + t. Suppose -5*u + i + 70 = 0. What are the prime factors of u?
2, 17
Let u(j) = j**2 + 3*j + 2. Suppose -8 = o - 4*r, -2*r = o - 0*r + 14. List the prime factors of u(o).
2, 5, 11
Let w(b) be the second derivative of -b**5/20 + 3*b**4/4 - 3*b**2/2 + 4*b. Let k be w(9). List the prime factors of 62/4*(k + 5).
31
What are the prime factors of (-42)/98 + (-50380)/(-35)?
1439
Suppose 13*c + 2*g = 12*c + 931, 0 = -3*c + 6*g + 2817. What are the prime factors of c?
5, 11, 17
Suppose -g + 242 = 2*s, -4*g = 4*s + g - 478. List the prime factors of s.
2, 61
Let y = 332 + -5. List the prime factors of y.
3, 109
Suppose -5*t + 4216 = -3*n - 2041, -4*t + 5012 = 4*n. List the prime factors of t.
2, 313
Suppose 2*z - 168 = -h, -h + 52 = 3*z - 201. List the prime factors of z.
5, 17
Let n = 533 - 122. List the prime factors of n.
3, 137
Let s = 6 - 2. Suppose -4*m + 4*c + 108 = -m, s*c - 108 = -3*m. What are the prime factors of m?
2, 3
Let j(a) = a**3 + a + 18. Suppose 5*t = -0*t. Let p be j(t). List the prime factors of (-4)/p - (-148)/18.
2
Let u be (1 - 2)/((-3)/48). Suppose -5*y = -u - 4. Suppose -y*t = -3*k + 21, 2*t = -8 + 2. List the prime factors of k.
3
Let c = 973 + -513. List the prime factors of c.
2, 5, 23
Suppose 4*u + 4*h - 11520 = 0, 0*u - 4*h + 14395 = 5*u. List the prime factors of u.
5, 23
Let t(h) = 2*h**2 - 17*h + 3. Let i be t(8). List the prime factors of 8*(-3 + -4)*i/10.
2, 7
Suppose -t - 4*x = 13, 4*t + 5*x = 6*x + 16. Suppose -t*n = 3*j - 2*n - 132, -2*n + 174 = 4*j. What are the prime factors of j?
3, 5
Let p = 280 + -15. List the prime factors of p.
5, 53
Suppose 273 = -6*z - z. Let o = -36 - z. What are the prime factors of 2 + o/2*20?
2
Suppose 0 = j - 3*j + 58. Let m = j + 65. Suppose 2*f + 0*i - 5*i = 42, -4*f = -5*i - m. List the prime factors of f.
2, 13
Let u = 16 - 16. Suppose u = -5*s + r + 7, -4*s + 0 + 17 = 3*r. Suppose -5*c + s*m = -9, 2*c = -3*m + 22 - 7. List the prime factors of c.
3
Let p = 122 + -113. Suppose -12*a + 486 = 3*d - p*a, -2*a + 2 = 0. List the prime factors of d.
7, 23
Suppose -3*a + 200 = p, 1026 = -12*p + 17*p + 2*a. What are the prime factors of p?
2, 103
Let a = -136 - -54. Let r be (-802)/26 - 6/39. Let d = r - a. What are the prime factors of d?
3, 17
Suppose k - 35 = -0*d - 5*d, -2*k + 2*d = -34. Let w be (0 + -1)/((-8)/480). Suppose k = 5*q - w. What are the prime factors of q?
2
Let k be 2 - (-5)/(5/2). Suppose 7*h - q = 2*h - 5, -10 = -k*h - 2*q. Suppose -4*l + f + f + 52 = h, -3*l + 38 = -2*f. List the prime factors of l.
2, 7
Suppose 1319 = z - 4*o, 2*z - o - 3340 = -723. What are the prime factors of z?
1307
Let u(y) = 5*y**2 - 3*y + 4. Let t be u(5). Suppose -3*q = -t + 3. Suppose -199 = -4*s + q. What are the prime factors of s?
59
Let x(k) = -12*k + 3 + 0*k + 3*k - 334*k**2 + 335*k**2. Let g be 11 + 0 + -1 + 2. List the prime factors of x(g).
3, 13
Let w = -43 + 136. Let p(x) = x**2 - 2*x - 13. Let t be p(5). Suppose -t*v + w = -3. What are the prime factors of v?
2, 3
List the prime factors of (1 - 446/(-2)) + (5 - 3).
2, 113
Let n = 328 - 130. What are the prime factors of n?
2, 3, 11
Let z(l) = 279*l - 216. List the prime factors of z(5).
3, 131
Let k(q) = -48*q - 21. Let j(f) = 47*f + 22. Let x(r) = -4*j(r) - 3*k(r). What are the prime factors of x(-5)?
3, 5, 13
Suppose -365*n - 27495 = -378*n. List the prime factors of n.
3, 5, 47
List the prime factors of 5215/28 - (-2)/(-8).
2, 3, 31
Let i(g) be the first derivative of g**2 + 38*g + 1. Let t be (-28)/(-8) + -2 + (-6)/4. What are the prime factors of i(t)?
2, 19
Let q(b) be the second derivative of b**4/6 - b**3/6 + 9*b**2/2 - 8*b. What are the prime factors of q(7)?
2, 5
Let i 